mmon divisor of p and 189?
63
Let i be (17/(-17))/((-4)/180). Calculate the highest common factor of 225 and i.
45
Suppose 0 = 5*n + 7 + 13. Let d be 18/n*(-44)/(-33). Let h be (-100)/(-12) - (-2)/d. What is the greatest common divisor of 4 and h?
4
Let a = 1085 - 347. What is the highest common divisor of 18 and a?
18
Let f = 0 + -12. Let s = 10 + f. Let v be (1 + 1)/(s/(-16)). What is the greatest common factor of 128 and v?
16
Let h(s) = -s - 14. Let r be h(-8). Let p be (-2)/r - (-35)/21. What is the highest common divisor of p and 5?
1
Let s = 41 - 37. Suppose -s*g = -2*g - 48. Calculate the greatest common divisor of 3 and g.
3
Let a = -22 + 25. Suppose a*p - 99 = 174. What is the greatest common factor of 13 and p?
13
Let i = -13 - -21. Let c(g) = 2*g - 8. Let y be c(i). Let h = -355 + 419. What is the greatest common divisor of y and h?
8
Suppose -4*k + 4*t = -72, 0 = 6*k - 11*k + 3*t + 84. Calculate the highest common factor of k and 60.
15
Let d = 5 - -5. Suppose 5*b - 9 = 6. Suppose 0 = -b*p - 3*r + 7*r + 206, 0 = -3*p - 2*r + 212. Calculate the greatest common factor of d and p.
10
Let s(r) = 17*r - 7. Let m be s(7). Let v(d) = d**3 + 4*d**2 - 14*d + 4. Let a be v(-6). Calculate the highest common factor of a and m.
16
Let v = -338 - -516. Calculate the greatest common divisor of v and 801.
89
Let k be 3/(132/44869) + (-2)/(-8). What is the highest common divisor of 36 and k?
12
Suppose 4*q - 3*s - 22 = 3*q, 4*s = q - 20. What is the greatest common factor of q and 1498?
14
Let h be (-8)/6*-3 - (-21 - -5). Calculate the highest common factor of h and 85.
5
Let v(h) = -h**2 + 6*h - 1. Let t be v(5). Suppose j = t*j - 39. Calculate the greatest common factor of j and 65.
13
Let g be (7/(-6) + (-16)/(-24))*-20. Suppose -34 = -2*j + g. Calculate the greatest common divisor of 176 and j.
22
Let l be ((-378)/8)/(7/28). Let h be 54/l + (-821)/(-7). Let g(t) = t**2 - 3*t - 5. Let p be g(6). Calculate the greatest common factor of p and h.
13
Let s = -703 - -1066. Suppose 0 = -4*b + 6*b - 66. Calculate the greatest common divisor of s and b.
33
Suppose -9 = -3*h, 2*h - 6 = -5*j + 120. Let w = 40 - j. Let p be 2/(2 - 0) - -1. What is the greatest common divisor of p and w?
2
Suppose -5*w = -4*w - 20. Let m be 2 + 1 - 3 - -3. Suppose -m*b - 88 = -5*j, 2*j = -4*b + 82 - 26. What is the greatest common divisor of j and w?
20
Let d be (-5)/(2 + (-6)/4). Let j be 4/(-10) + (-94)/d. Let c(v) = 10*v**2 + 62*v - 177. Let a be c(3). What is the greatest common divisor of j and a?
9
Let v(h) = -22*h + 5. Let s be v(5). Let q = s - -189. Suppose 4*j + 2*t = q + 6, 0 = -j + 2*t + 10. Calculate the greatest common factor of 30 and j.
10
Suppose 12*g + 4*g = 2352. Calculate the greatest common divisor of g and 49.
49
Let v(z) = -5*z + 9. Let x be v(7). Let q = x + 36. Suppose -626 = -19*g + 704. What is the highest common divisor of g and q?
10
Let a(m) = 2*m**2 + 7*m + 7. Let p = -13 - -8. Let f be a(p). Let q = -2503 + 2547. Calculate the highest common factor of q and f.
22
Suppose -4*x - 4*y = -0*y - 92, -4*x = y - 83. Let q = x + -19. Let c be (-160)/(-15) - q/(-3). Calculate the greatest common factor of c and 55.
11
Let y be (-30 - (0 - -2))/(138/(-414)). What is the highest common divisor of 312 and y?
24
Let x be ((3 - 2)*-1)/(41/(-1558)). Calculate the greatest common divisor of 817 and x.
19
Let m = 8 + -2. Suppose m*y = 3*y + 12. Let p be -5*((-6)/5 + -2). Calculate the greatest common factor of y and p.
4
Suppose 3*u - 37 = 2*z, 0 = 8*u - 3*u + 3*z - 30. Let v be 6/9 - 704/(-6). Let r = 199 - v. Calculate the highest common factor of u and r.
9
Let z(a) = -34*a - 433. Let d be z(-13). Let m(x) = -x - 1. Let w be m(-2). Calculate the highest common factor of w and d.
1
Let c(a) = 174*a**2 + 3*a + 2. Let l(v) = 175*v**2 + 4*v + 3. Let r(m) = 3*c(m) - 2*l(m). Let y be r(-1). What is the highest common factor of 19 and y?
19
Let h = -16 - -19. Suppose 9 = 3*o, 0 = -h*v - 3*o - 3 + 18. Let p be (v + 1)*(-12)/(-9). What is the highest common factor of 12 and p?
4
Let f be 4*((-4)/8 + 2). Suppose 0 = -f*b - b + 126. What is the greatest common divisor of 36 and b?
18
Suppose x + 310 = -12*o + 15*o, -4*o = -2*x - 412. Calculate the greatest common factor of 65 and o.
13
Let m be ((-39)/(-15) - 3)*-5. Suppose 2*p + 5*o = p - 23, 0 = m*p - 4*o + 74. Let l be (-786)/p - 2/(-11). What is the greatest common factor of 120 and l?
24
Let n be (0/1 - 1) + 38. Suppose 0 = -3*v + 4*p + 782 - 17, 5*v - 1292 = p. What is the highest common divisor of n and v?
37
Let t(w) be the first derivative of w**3/3 - 4*w**2 - 12*w + 8. Let o be t(18). Calculate the greatest common divisor of o and 21.
21
Let z be (-1)/(5 + 0 + 30 + -36). Let j be (-1 - 0)*(-5 + 4). What is the highest common divisor of z and j?
1
Let w(v) = 2*v**2 + 26*v - 23. Let u be w(-14). Suppose -5*a = 5, 0*a = u*x - a - 216. What is the greatest common divisor of 43 and x?
43
Let h(u) = -7*u + 8. Let p = 0 - 6. Let s be h(p). Calculate the highest common factor of s and 10.
10
Suppose 6*l - 3*l - 42 = -o, 2*o + l = 64. Let y(u) = -u**2 + 18*u - 65. Let r be y(8). Calculate the greatest common divisor of o and r.
15
Let i(s) = s + 43. Let z be i(-18). What is the highest common divisor of 425 and z?
25
Let m = 236 - 231. Let f be (2 - 2)*(0 + 1). Suppose 5*o - 143 - 32 = f. What is the greatest common factor of m and o?
5
Suppose 4*x - 510 = -5*m, m + 4*x - 47 - 71 = 0. Let i = 761 - 747. What is the highest common factor of m and i?
14
Let p = -19 + 20. Suppose 2*r + p + 0 = -o, -4*r + 1 = -o. Suppose z - 64 - 31 = r. What is the highest common factor of 19 and z?
19
Let a(s) = 2*s - 10. Let z be 1 - (1 - 9/1). Let i be a(z). Let l = -56 + 88. Calculate the greatest common factor of l and i.
8
Let u = 452 + -287. Let o(y) = 8*y**3 - 10*y**2 + 21*y. Let z be o(2). What is the highest common divisor of z and u?
33
Suppose -118*a + 113*a + 4*p + 72 = 0, 33 = 2*a - p. Suppose 2*t - 20 = -3*t. Let m be (-2)/t + (-9)/(-2). Calculate the greatest common divisor of a and m.
4
Let r be (-2 - -6)*207/9. Let j = r + -57. What is the greatest common factor of j and 15?
5
Suppose 3*y - 2073 = 38*g - 42*g, 501 = g - 5*y. What is the greatest common factor of g and 36?
12
Let c = 2 - -2. Suppose c*g - 273 + 1 = 0. Let o(p) = 3*p**2 + 10*p - 15. Let x be o(2). Calculate the highest common divisor of x and g.
17
Suppose 7*j - 123 = 101. What is the greatest common divisor of j and 176?
16
Suppose -3*h + 4*p = 4, -p = 5*h + p - 28. Suppose -m = 2*r + 8 - 25, -m + h*r + 23 = 0. Suppose m = 2*b + 3. What is the highest common factor of b and 40?
8
Let b = 7 - -14. Calculate the greatest common divisor of 63 and b.
21
Let m(r) = -r**2 - 423*r**3 + 3 - 2 + 0 + 504*r**3. Let d be m(1). Calculate the greatest common divisor of d and 27.
27
Let y(l) = l**2 + 64. Let n be y(0). Let x be (0 + 10 - 6)/((-2)/(-4)). Calculate the greatest common divisor of n and x.
8
Suppose -6*b - 16 = 1322. Let n = 461 + b. Calculate the highest common divisor of n and 34.
34
Suppose 3*i - 6*t - 84 = -11*t, 4*i + 2*t = 98. Calculate the highest common divisor of i and 69.
23
Suppose 205*q = 230*q - 3875. What is the greatest common divisor of 30 and q?
5
Suppose x - 2*x = 0. Let b = 7 + x. Suppose 74*m - 103 = 2056 - 87. Calculate the greatest common divisor of m and b.
7
Suppose 3*d + 2*d - p + 15 = 0, -2*p + 10 = -5*d. Let c be d/(3/(-18) - 0). Suppose -48 = -3*a + 60. What is the greatest common divisor of a and c?
12
Let b(y) = 49*y + 134. Let i be b(14). What is the highest common factor of 20 and i?
20
Suppose -6*x + x = -10. Suppose -2*n - x*n = 64. Let r be 12/36 - n/6. What is the greatest common divisor of r and 21?
3
Suppose 7*q - 4*q - 3977 = 2*r, -4*r = -q + 1329. Calculate the highest common divisor of q and 53.
53
Let j = 92 - 62. Let s be -1 + 2 + 3 + -1. Suppose l - 12 - 17 = -s*h, -h = -5*l - 15. What is the highest common factor of h and j?
10
Let i = 86 + -138. Let c = i + 62. Calculate the greatest common divisor of c and 50.
10
Let l(t) = -t + 2*t - 2 + 39*t**2 + 2*t. Let v be l(2). Suppose 40 = -850*o + 852*o. What is the greatest common factor of v and o?
20
Let a(p) = -p**3 + 3*p + 3. Let d be a(-4). Suppose 5*b -